ate the remainder when 42565 is divided by 68.
65
Calculate the remainder when 561864 is divided by 553.
16
What is the remainder when 11047 is divided by 3118?
1693
Calculate the remainder when 62910 is divided by 3493.
36
What is the remainder when 3187 is divided by 1116?
955
Calculate the remainder when 8468 is divided by 564.
8
Calculate the remainder when 4682399 is divided by 60.
59
Calculate the remainder when 81516 is divided by 40.
36
What is the remainder when 1029 is divided by 144?
21
Calculate the remainder when 3318 is divided by 115.
98
What is the remainder when 1794 is divided by 726?
342
Calculate the remainder when 2311 is divided by 432.
151
What is the remainder when 6678 is divided by 148?
18
Calculate the remainder when 1588 is divided by 2.
0
What is the remainder when 1422 is divided by 917?
505
Calculate the remainder when 2024 is divided by 1837.
187
What is the remainder when 5089438 is divided by 47?
43
What is the remainder when 83447 is divided by 148?
123
Calculate the remainder when 5631 is divided by 260.
171
Calculate the remainder when 248827 is divided by 334.
331
What is the remainder when 2455 is divided by 1223?
9
What is the remainder when 12603 is divided by 42?
3
What is the remainder when 146595 is divided by 318?
315
Calculate the remainder when 6668 is divided by 1316.
88
Calculate the remainder when 391861 is divided by 271.
266
Calculate the remainder when 12276659 is divided by 829.
827
Calculate the remainder when 3792 is divided by 253.
250
Calculate the remainder when 24019 is divided by 34.
15
Calculate the remainder when 199711 is divided by 16.
15
Calculate the remainder when 953083 is divided by 136.
131
Calculate the remainder when 5755 is divided by 48.
43
What is the remainder when 4592 is divided by 876?
212
Calculate the remainder when 311 is divided by 99.
14
Calculate the remainder when 354 is divided by 151.
52
What is the remainder when 25301 is divided by 76?
69
What is the remainder when 49542 is divided by 87?
39
Calculate the remainder when 27175 is divided by 167.
121
Calculate the remainder when 2185199 is divided by 12.
11
Calculate the remainder when 56983 is divided by 1212.
19
What is the remainder when 18165 is divided by 59?
52
What is the remainder when 954 is divided by 436?
82
Calculate the remainder when 6181 is divided by 438.
49
What is the remainder when 1591 is divided by 72?
7
Calculate the remainder when 2521 is divided by 1249.
23
What is the remainder when 2410749 is divided by 865?
859
What is the remainder when 110326 is divided by 7?
6
What is the remainder when 15766 is divided by 1429?
47
Calculate the remainder when 1627 is divided by 539.
10
Calculate the remainder when 709299 is divided by 692.
691
Calculate the remainder when 391560 is divided by 130516.
12
What is the remainder when 302491 is divided by 17791?
44
Calculate the remainder when 595994 is divided by 37.
35
What is the remainder when 1098297 is divided by 7?
4
Calculate the remainder when 12327 is divided by 466.
211
Calculate the remainder when 192120 is divided by 5192.
16
Calculate the remainder when 83 is divided by 28.
27
What is the remainder when 343619 is divided by 498?
497
Calculate the remainder when 55783 is divided by 2789.
3
What is the remainder when 75827 is divided by 33?
26
Calculate the remainder when 93937 is divided by 110.
107
What is the remainder when 170558 is divided by 186?
182
What is the remainder when 21185 is divided by 51?
20
Calculate the remainder when 1740 is divided by 485.
285
What is the remainder when 57945 is divided by 475?
470
What is the remainder when 15034 is divided by 27?
22
Calculate the remainder when 192100 is divided by 88.
84
Calculate the remainder when 40344 is divided by 876.
48
What is the remainder when 11302 is divided by 63?
25
What is the remainder when 227670 is divided by 1866?
18
Calculate the remainder when 15195 is divided by 842.
39
What is the remainder when 359059 is divided by 260?
259
What is the remainder when 25122 is divided by 12561?
0
Calculate the remainder when 95714 is divided by 182.
164
What is the remainder when 7407 is divided by 132?
15
Calculate the remainder when 84291 is divided by 20.
11
Calculate the remainder when 4725 is divided by 12.
9
What is the remainder when 2265587 is divided by 36?
35
What is the remainder when 5161353 is divided by 283?
282
What is the remainder when 385345 is divided by 1101?
1096
Calculate the remainder when 37374 is divided by 467.
14
Calculate the remainder when 8115 is divided by 51.
6
What is the remainder when 21113 is divided by 5?
3
Calculate the remainder when 37077 is divided by 437.
369
What is the remainder when 750 is divided by 40?
30
What is the remainder when 30966 is divided by 279?
276
What is the remainder when 17692 is divided by 1618?
1512
What is the remainder when 1407 is divided by 744?
663
Calculate the remainder when 5839 is divided by 32.
15
Calculate the remainder when 8345 is divided by 177.
26
Calculate the remainder when 4691 is divided by 4658.
33
What is the remainder when 62842 is divided by 20?
2
What is the remainder when 5554 is divided by 41?
19
What is the remainder when 12048 is divided by 3?
0
What is the remainder when 12646 is divided by 27?
10
Calculate the remainder when 164473 is divided by 25.
23
What is the remainder when 3787732 is divided by 366?
364
What is the remainder when 144025 is divided by 629?
613
Calculate the remainder when 105594 is divided by 110.
104
What is the remainder when 1383 is divided by 661?
61
Calculate the remainder when 114721 is divided by 29.
26
Calculate the remainder when 128361 is divided by 6.
3
What is the remainder when 1089548 is divided by 16?
12
Calculate the remainder when 19388 is divided by 23.
22
What is the remainder when 6113 is divided by 2901?
311
Calculate the remainder when 848 is divided by 435.
413
What is the remainder when 362205 is divided by 241?
223
What is the remainder when 65907 is divided by 183?
27
Calculate the remainder when 56987 is divided by 121.
117
What is the remainder when 257696 is divided by 199?
190
Calculate the remainder when 5157 is divided by 43.
40
Calculate the remainder when 12486 is divided by 1426.
1078
What is the remainder when 470812 is divided by 8?
4
What is the remainder when 2146 is divided by 178?
10
Calculate the remainder when 140153 is divided by 21.
20
Calculate the remainder when 1369 is divided by 534.
301
Calculate the remainder when 207785 is divided by 37.
30
Calculate the remainder when 478 is divided by 285.
193
Calculate the remainder when 1177 is divided by 389.
10
Calculate the remainder when 15611 is divided by 16.
11
What is the remainder when 1106875 is divided by 668?
667
Calculate the remainder when 15060 is divided by 1505.
10
Calculate the remainder when 253841 is divided by 3058.
27
What is the remainder when 9756 is divided by 148?
136
Calculate the remainder when 9255 is divided by 9058.
197
Calculate the remainder when 895 is divided by 55.
15
Calculate the remainder when 25929 is divided by 96.
9
What is the remainder when 189199 is divided by 494?
491
Calculate the remainder when 3369 is divided by 715.
509
Calculate the remainder when 22921 is divided by 635.
61
What is the remainder when 116836 is divided by 246?
232
What is the remainder when 514235 is divided by 43?
41
What is the remainder when 6268 is divided by 5875?
393
Calculate the remainder when 13597 is divided by 16.
13
What is the remainder when 507662 is divided by 54?
8
What is the remainder when 26238 is divided by 85?
58
Calculate the remainder when 70458 is divided by 3521.
38
Calculate the remainder when 1097 is divided by 37.
24
What is the remainder when 5140 is divided by 1281?
16
Calculate the remainder when 4510 is divided by 1239.
793
Calculate the remainder when 7901 is divided by 6843.
1058
What is the remainder when 100306 is divided by 26?
24
Calculate the remainder when 2587 is divided by 227.
90
Calculate the remainder when 663 is divided by 172.
147
What is the remainder when 2278 is divided by 179?
130
Calculate the remainder when 2026538 is divided by 41.
31
What is the remainder when 55418 is divided by 147?
146
Calc